 is the highest common divisor of 2828 and 157881988?
404
What is the greatest common divisor of 178212394 and 27030?
1802
Calculate the highest common divisor of 15999 and 963.
3
What is the highest common factor of 134244537 and 25461?
2829
What is the greatest common divisor of 3808 and 227152?
16
Calculate the highest common factor of 22119 and 5179179.
303
Calculate the highest common divisor of 36310615 and 95.
95
Calculate the highest common divisor of 2226 and 2486336.
106
What is the highest common factor of 230790 and 78645?
735
Calculate the highest common factor of 1478 and 13271701.
739
What is the highest common factor of 502854 and 168036?
1254
What is the greatest common divisor of 4893 and 1364215?
233
What is the highest common factor of 1008 and 88673040?
144
Calculate the highest common divisor of 831621555 and 510.
255
Calculate the greatest common divisor of 1386795 and 1565.
5
What is the greatest common factor of 1743 and 76074148?
83
Calculate the greatest common divisor of 152400 and 11775.
75
Calculate the greatest common factor of 1134 and 28410053.
7
Calculate the greatest common divisor of 3357788 and 35.
7
What is the greatest common divisor of 93 and 1143931?
31
Calculate the highest common factor of 39 and 15891369.
39
What is the greatest common factor of 86984 and 1241680?
664
Calculate the highest common divisor of 533890 and 841600.
2630
What is the highest common factor of 1114 and 1137394?
1114
Calculate the highest common factor of 274 and 1307409769.
137
What is the greatest common factor of 3711768 and 2784?
696
Calculate the greatest common factor of 143580 and 266757282.
14358
Calculate the highest common divisor of 462571092 and 3304.
236
What is the highest common divisor of 464 and 5103130?
58
What is the highest common divisor of 598 and 65118014?
598
Calculate the highest common divisor of 27329036 and 4543.
413
Calculate the greatest common factor of 119 and 121501261.
119
Calculate the greatest common factor of 2940819 and 332871.
2751
What is the highest common factor of 46 and 3751162?
46
Calculate the greatest common factor of 50000209 and 259.
259
What is the highest common factor of 7461 and 52911?
9
Calculate the highest common divisor of 72254 and 6734.
182
What is the greatest common factor of 93658 and 904?
2
What is the highest common factor of 215 and 5755?
5
Calculate the greatest common divisor of 13718 and 20729.
19
Calculate the highest common divisor of 5660190 and 270474.
366
Calculate the highest common divisor of 6425261 and 10917.
1213
What is the greatest common divisor of 11 and 19009034?
11
Calculate the highest common divisor of 21588400 and 2325.
775
What is the greatest common divisor of 1077611 and 464?
29
Calculate the highest common factor of 2873 and 158882.
17
Calculate the greatest common factor of 18138636 and 1284.
12
Calculate the greatest common divisor of 29151434 and 2964.
494
Calculate the highest common divisor of 470429309 and 2573.
2573
What is the greatest common factor of 98638152 and 444?
444
What is the highest common factor of 343533630 and 186?
186
Calculate the greatest common factor of 903725 and 105516.
977
Calculate the greatest common divisor of 13949969 and 682.
341
What is the greatest common divisor of 9234 and 96444?
1026
Calculate the greatest common factor of 28676 and 170772.
428
What is the greatest common factor of 12126 and 40044094?
4042
What is the highest common divisor of 231 and 18663810?
33
Calculate the highest common factor of 453257130 and 6430.
6430
Calculate the greatest common factor of 5745834 and 2013.
183
What is the greatest common divisor of 10 and 63021825?
5
What is the highest common divisor of 1271679 and 4338429?
4089
What is the greatest common factor of 228722350 and 69?
23
Calculate the greatest common factor of 8769928 and 9344.
584
Calculate the highest common divisor of 16396 and 304039226.
8198
What is the greatest common factor of 14 and 16422826?
14
What is the greatest common divisor of 12288 and 2953632?
96
What is the highest common divisor of 228401630 and 44725?
8945
Calculate the greatest common divisor of 272322 and 1146729.
123
What is the greatest common divisor of 476 and 12913897?
17
What is the greatest common factor of 895902 and 87150?
3486
Calculate the greatest common factor of 2336 and 61405264.
1168
Calculate the highest common factor of 31 and 3078005965.
31
What is the highest common factor of 21151020 and 1980?
660
What is the highest common divisor of 109 and 648086423?
109
Calculate the highest common divisor of 8612981 and 65.
13
What is the highest common divisor of 40829288 and 3014?
274
Calculate the greatest common divisor of 13104 and 5788440.
504
What is the highest common factor of 54537 and 67641?
21
What is the highest common divisor of 151 and 46381764?
151
What is the highest common factor of 16745194 and 202?
202
What is the greatest common factor of 1805 and 200564380?
1805
Calculate the highest common divisor of 365783392 and 130.
26
What is the highest common divisor of 154881 and 63?
9
Calculate the highest common factor of 420755 and 44935.
4085
Calculate the highest common factor of 1584 and 8474448.
48
Calculate the highest common divisor of 1391 and 297856.
13
Calculate the highest common divisor of 3841 and 805775.
167
What is the highest common divisor of 120480 and 510?
30
What is the greatest common divisor of 56586155 and 271?
271
What is the highest common divisor of 11487100 and 10276?
1468
Calculate the highest common factor of 69808 and 808.
8
Calculate the greatest common factor of 123913 and 970547.
629
What is the greatest common factor of 111716 and 2728?
44
What is the highest common divisor of 3712095 and 7455235?
4435
Calculate the greatest common divisor of 16 and 3778472.
8
Calculate the highest common factor of 190600 and 21848.
8
What is the greatest common divisor of 1341 and 5923944?
9
What is the highest common factor of 11283940 and 160?
20
Calculate the highest common factor of 56 and 2059120.
56
Calculate the highest common divisor of 178608 and 4341248.
976
What is the highest common divisor of 1792 and 10623232?
256
What is the highest common divisor of 21062 and 1796?
2
Calculate the highest common divisor of 4875940 and 3485.
85
What is the greatest common factor of 11360 and 674280?
40
What is the highest common divisor of 20 and 13527005?
5
What is the highest common divisor of 24862 and 43028?
62
Calculate the greatest common factor of 258 and 436992273.
129
What is the greatest common factor of 78 and 33310407?
39
What is the highest common divisor of 7350 and 40149060?
210
Calculate the highest common divisor of 313 and 80284187.
313
Calculate the greatest common divisor of 6658 and 273530614.
6658
What is the greatest common factor of 470476 and 4?
4
What is the highest common divisor of 5110 and 82367068?
1022
What is the greatest common divisor of 21009351 and 1581?
93
Calculate the greatest common divisor of 645 and 1457895.
15
What is the greatest common factor of 35340 and 800907?
57
What is the highest common divisor of 2704512 and 576?
192
What is the highest common divisor of 1760039376 and 12?
12
What is the greatest common divisor of 20037286 and 3572?
38
Calculate the highest common divisor of 53 and 58679056.
53
Calculate the highest common divisor of 117 and 2984865.
39
Calculate the greatest common factor of 251 and 76419209.
251
Calculate the highest common divisor of 66718568 and 2632.
2632
What is the highest common factor of 8885863 and 3325?
133
What is the highest common divisor of 12202028 and 3040?
76
Calculate the highest common factor of 22666120 and 4360.
40
Calculate the highest common factor of 28900240 and 135720.
1160
Calculate the greatest common factor of 232 and 420445306.
58
Calculate the highest common divisor of 3478 and 48927.
47
Calculate the highest common factor of 857150 and 162925.
175
Calculate the highest common factor of 200 and 5686150.
50
What is the greatest common factor of 19604 and 8844623?
29
Calculate the greatest common factor of 352 and 126536608.
352
Calculate the greatest common divisor of 145843478 and 246.
82
What is the greatest common divisor of 32 and 285780